+ 77. What is the highest common divisor of j and 60?
15
Suppose -m + 17 = -2*u - u, -2 = -m. Let q = u - -6. What is the greatest common factor of 2 and q?
1
Let y(o) = 35*o + 1. Let q be y(1). Let a = -18 + q. Calculate the greatest common factor of 45 and a.
9
Let l = 350 + -200. Suppose -5*j + l = 5*t, 5*j + 2*t + 2*t - 152 = 0. Calculate the greatest common factor of 8 and j.
8
Let g(q) = 4*q**3 - 1. Let j be g(1). Suppose z + j*v + 7 = 0, 6*z = 3*z - 5*v - 13. Let y = z + 5. Calculate the greatest common factor of y and 32.
4
Suppose -3*p = -8*p. Let c be p - (-1 + -3 + 1). Suppose -c*j + 3 = -4*z + 30, 5*j = -4*z + 19. What is the highest common factor of 54 and z?
6
Let a be 114/16 + (-5)/40. Suppose -a*q + 4*q = -27. What is the highest common factor of q and 81?
9
Let t(o) = o - 9. Let r be t(6). Let k be 2/r*(0 - 3). Let z be k*(-2)/2*-2. Calculate the highest common divisor of z and 6.
2
Let p be (5 - 1)/(6/45). What is the highest common factor of 40 and p?
10
Let y = -7 - -10. Suppose 0*c - c - 5*i + 46 = 0, -4*c = -y*i - 92. Calculate the greatest common factor of 65 and c.
13
Suppose 2*s - 4*r = 6434, r - 1683 + 17723 = 5*s. Let d be 4/18 - s/(-27). Let c be 18 + (-3)/(6/2). Calculate the highest common factor of d and c.
17
Let y = -32 - -140. Calculate the highest common factor of y and 9.
9
Suppose 0 = t + 3*t - 28. Let y = t - 2. Calculate the greatest common divisor of 2 and y.
1
Let j(y) = -2 - 6*y + 1 - 1. Let z be j(-2). Let v = -11 + 21. What is the greatest common factor of v and z?
10
Let q(y) = 4*y - 1. Let j be q(3). Suppose 0*i = 5*m - 4*i - 589, -3*i + 496 = 4*m. What is the greatest common factor of m and j?
11
Suppose 3 = 2*g - 5*s, 0 = g + 4*s - 8 - 26. Suppose 0 = -6*l + 11*l + 25. Let z be l/2*(-56)/5. What is the highest common factor of g and z?
14
Let h = -6 + 1. Suppose -2*g - 20 = -3*y, 0*y + 3*y - 6 = 0. Let q = h - g. Calculate the highest common divisor of q and 10.
2
Let k = 0 + 1. Let c = 2 - k. Suppose 0 = 4*u - 3*u - 5. What is the highest common divisor of c and u?
1
Let h be (2 - 2)/(-2 + 4). Suppose v - 30 = -h*v. Let t(m) = m**3 + m**2 - m + 75. Let g be t(0). What is the greatest common divisor of v and g?
15
Let m(k) = -5 + 4 + 8 - k. Let f be m(-5). Suppose 8*w = 3*w + 15. Calculate the highest common divisor of w and f.
3
Let j(c) = c**3 + 4*c**2 - 2*c + 1. Let g be j(-4). Let o = 65 + -2. What is the greatest common factor of o and g?
9
Suppose 3*x - 11 = 1. Suppose 0 = k - x*u + 4 + 16, -3*k = -u + 16. Let h be (-80)/k + (-1)/1. What is the highest common divisor of h and 19?
19
Let z be 30/50 + (-34)/(-10). Calculate the greatest common divisor of 8 and z.
4
Let x = 25 + -9. Let f be (-2 + 5)/(6/256). Calculate the greatest common factor of x and f.
16
Suppose 4*h - 510 - 133 = -g, h = -g + 157. Suppose 3*c - 5*c + 36 = 0. What is the greatest common factor of c and h?
18
Let j be 107/(-5) - 4/(-10). Let h = j + 40. Let w(b) = 153*b**2 - b - 2. Let p be w(-1). What is the greatest common factor of h and p?
19
Let k be 5278/63 - 2/(-9). Let f be -3 + (-4)/((-16)/k). Calculate the highest common factor of 72 and f.
18
Let f(p) = -9*p + 25. Let o be f(-10). Let l = 104 + -58. What is the highest common factor of o and l?
23
Suppose 2*p - 62 = -14. Calculate the greatest common divisor of p and 192.
24
Let t be ((-3)/4)/((-6)/16). Let s be 3 + -146*(-1)/t. Calculate the greatest common factor of s and 19.
19
Suppose -4*l + 14 = 2*p, 2*l + p - 9 = -2*p. Calculate the greatest common factor of 33 and l.
3
Suppose -3*r + 40 = -149. Let h(n) be the third derivative of -5*n**4/24 - 3*n**3/2 - 2*n**2. Let q be h(-6). What is the greatest common divisor of r and q?
21
Let p(g) = -g**3 + 9*g**2 - 8. Let t be p(6). Calculate the highest common factor of t and 25.
25
Let s be 959/4 + 5/20. Suppose 0 = -y + 6*y - 4*g - 300, 4*y + 4*g = s. Let z be y/14 + (-6)/21. What is the greatest common divisor of 16 and z?
4
Let o = -1 + 21. Suppose 4*a + o = 0, 5*y = a + 588 - 158. What is the greatest common divisor of y and 17?
17
Let j(b) = -10*b - 22. Let w be j(-3). What is the highest common factor of w and 20?
4
Let s be (1/2)/1*20. Let m be (-5)/25 - (-33)/15. Calculate the highest common divisor of s and m.
2
Let l be 3 - (1 - (-4)/(-2)). Let c = -43 + 28. Let o be ((-6)/c)/((-2)/(-5)). Calculate the greatest common divisor of o and l.
1
Suppose -4*q + p + 139 = -0*p, -5*q + 178 = 3*p. Let y be (-2)/(-6) + 42/9. What is the highest common divisor of y and q?
5
Suppose -6*o + 95 = -o. What is the highest common factor of o and 57?
19
Let n be (-6)/(-39) + 74/26. Suppose 36 = -u + n*u. Calculate the highest common factor of u and 54.
18
Let r be (-88)/(-9) + ((-128)/72 - -2). Let d be (-2)/7 - 90/(-21). What is the highest common divisor of r and d?
2
Suppose -t - 4 + 3 = 0. Let i(s) = -20*s**3 - s**2 - 2*s - 1. Let q be i(t). Calculate the highest common factor of 8 and q.
4
Let u = 11 - 5. Suppose -8 = -l - l + 2*g, 8 = 4*l + 4*g. Suppose -4*s + 23 = -m + u*m, 0 = l*m - 9. What is the greatest common factor of 18 and s?
2
Suppose 4*g = 0, 0*g - 3*g = 5*k - 55. Suppose -3*n + 4*l - 12 = n, -11 = -3*n - l. Let t be 16/6*33/n. What is the highest common divisor of t and k?
11
Let f(y) = y**3 + 9*y**2 - y + 7. Let t be f(-9). What is the greatest common divisor of 176 and t?
16
Let o(h) = -15*h**3 + 4*h**2 - 4*h + 3. Let t be o(2). Let s = 56 + t. Let w = -31 - s. What is the highest common factor of 2 and w?
2
Suppose q = -2*q + 90. Suppose 3*o - 114 = -q. Calculate the highest common divisor of 70 and o.
14
Let b be 1 - -2*(-1)/(-2). Let o(c) = -1 + b*c**2 - 3*c + 4*c - c - 5*c. Let j be o(5). Calculate the greatest common factor of 16 and j.
8
Let o = 41 - 14. What is the highest common divisor of 297 and o?
27
Let x(o) = -90*o + 1. Let y be x(-1). Suppose 3*h - 2*m = 47, -2*h + 18 = 4*m - 2*m. Calculate the greatest common factor of h and y.
13
Suppose 65 = 8*v - 3*v. What is the highest common factor of v and 104?
13
Suppose 0 = 5*p - 3 - 2. Let s = p - -1. Let c be (-63)/(-6) - 1/s. What is the highest common divisor of 40 and c?
10
Let l(f) be the third derivative of f**5/15 - 2*f**2. Let w be l(2). Suppose -16 - 3 = -4*s - 5*j, 5*j = -s + w. What is the greatest common factor of s and 1?
1
Let f be 22/(1/5*1). Calculate the highest common factor of f and 22.
22
Let f(z) = z + 1. Let d be f(4). Suppose j = -0*j - 15. Let q = j + 20. What is the highest common divisor of q and d?
5
Suppose -3*o - z = -14, 0 = 5*o - 0*o + 4*z - 28. Let l be 5/(-10) - 54/o. Let d be (l + -3 - -3)*-1. What is the highest common factor of 126 and d?
14
Let k be 7/(-2) - 1/(-2). Let d be (-2 - k) + -1 + 11. Let s = -47 - -80. Calculate the greatest common divisor of d and s.
11
Suppose -k = 4*k - 80. Suppose -5*l = 25, l = 3*n - 4*l - 547. Let x = n + -94. What is the greatest common factor of k and x?
16
Suppose 2*z - 73 = -4*x + 13, -x - 3*z + 29 = 0. What is the greatest common divisor of x and 30?
10
Suppose -5*w = -2*w + 5*z - 9, 0 = -5*w - 2*z + 15. What is the greatest common factor of 1 and w?
1
Suppose 5*i - 5*u - 9 = 21, 0 = -i - 3*u + 18. Calculate the highest common divisor of i and 1.
1
Let n(s) = -9*s**3 + s**2 + 2*s + 1. Let v = -2 - -1. Let u be n(v). Suppose 2 = l, -5*x - 5*l - 8 = -6*x. Calculate the greatest common divisor of x and u.
9
Suppose 18 = 3*s - 18. Let a be -2 + 4/(s/(-21)). Let f be (6/a)/(2/(-3)). Calculate the greatest common divisor of f and 7.
1
Suppose 5*t + 48 = 3*p, 4*p = 2*p + 4*t + 34. What is the highest common divisor of 176 and p?
11
Suppose 676 - 2040 = -4*r. What is the highest common factor of 31 and r?
31
Suppose 0 = f - k - 2 + 1, -f - 2 = -4*k. Suppose 12 = -2*b + 4*p, 3*b + b - f*p = 0. Suppose -o = b*o - 195. What is the highest common factor of o and 13?
13
Suppose l = -4*l - 505. Let o = -49 - l. What is the greatest common factor of o and 13?
13
Suppose 2 - 8 = -3*s + 2*h, -3*h + 9 = 0. Let k = -10 + 16. Calculate the greatest common divisor of s and k.
2
Let t = -128 + 179. Let f = 71 - t. What is the highest common divisor of f and 80?
20
Let a(j) = -j + 21. Let p be a(11). Calculate the greatest common factor of 30 and p.
10
Let i(j) = j**2 + j + 61. Let h be i